{"id":6902,"date":"2023-11-13T12:31:40","date_gmt":"2023-11-13T12:31:40","guid":{"rendered":"https:\/\/www.sauter-fm.com\/?page_id=6902"},"modified":"2024-06-21T08:16:27","modified_gmt":"2024-06-21T08:16:27","slug":"location-commercialisation","status":"publish","type":"page","link":"https:\/\/www.sauter-fm.com\/fr\/services\/fm-commercial\/location-commercialisation\/","title":{"rendered":"Location et commercialisation"},"content":{"rendered":"<p><img decoding=\"async\" class=\"wp-image-6872 size-medium alignleft\" src=\"https:\/\/www.sauter-fm.com\/wp-content\/uploads\/sites\/32\/2023\/10\/gruen-und-aussenanlagenpflege-300x200.jpg\" alt=\"Leistungen Gr\u00fcn- und Au\u00dfenanlagenpflege\" width=\"300\" height=\"200\" srcset=\"https:\/\/www.sauter-fm.com\/wp-content\/uploads\/sites\/32\/2023\/10\/gruen-und-aussenanlagenpflege-300x200.jpg 300w, https:\/\/www.sauter-fm.com\/wp-content\/uploads\/sites\/32\/2023\/10\/gruen-und-aussenanlagenpflege-225x150.jpg 225w, https:\/\/www.sauter-fm.com\/wp-content\/uploads\/sites\/32\/2023\/10\/gruen-und-aussenanlagenpflege.jpg 375w\" sizes=\"(max-width: 300px) 100vw, 300px\" \/><\/p>\n<p>Nous nous occupons de mani\u00e8re professionnelle de la gestion optimale et \u00e0 long terme de votre bien immobilier. Cela comprend \u00e9galement la gestion des locations incluant la commercialisation assist\u00e9e afin que vous puissiez exploiter le potentiel de rentabilit\u00e9.<\/p>\n<p>&nbsp;<\/p>\n<ul style=\"clear: both\">\n<li>Location d\u2019espaces vacants<\/li>\n<li>Activit\u00e9s de m\u00e9diation<\/li>\n<li>Aide \u00e0 la commercialisation<\/li>\n<li>Organisation de visites<\/li>\n<li>R\u00e9daction des projets de contrats de location<\/li>\n<\/ul>\n","protected":false},"excerpt":{"rendered":"<p>Nous nous occupons de mani\u00e8re professionnelle de la gestion optimale et \u00e0 long terme de votre bien immobilier. Cela comprend \u00e9galement la gestion des locations incluant la commercialisation assist\u00e9e afin que vous puissiez exploiter le potentiel de rentabilit\u00e9. &nbsp; Location d\u2019espaces vacants Activit\u00e9s de m\u00e9diation Aide \u00e0 la commercialisation Organisation de visites R\u00e9daction des projets [&hellip;]<\/p>\n","protected":false},"author":2696,"featured_media":0,"parent":3390,"menu_order":0,"comment_status":"closed","ping_status":"closed","template":"","meta":{"_acf_changed":false,"footnotes":""},"class_list":["post-6902","page","type-page","status-publish","hentry"],"acf":[],"yoast_head":"<!-- This site is optimized with the Yoast SEO plugin v26.1.1 - https:\/\/yoast.com\/wordpress\/plugins\/seo\/ -->\n<title>Location et commercialisation | SAUTER<\/title>\n<meta name=\"description\" content=\"Nous nous occupons de mani\u00e8re professionnelle de la gestion optimale et \u00e0 long terme de votre bien immobilier. Plus d&#039;informations ici!\" \/>\n<meta name=\"robots\" content=\"index, follow, max-snippet:-1, max-image-preview:large, max-video-preview:-1\" \/>\n<link rel=\"canonical\" href=\"https:\/\/www.sauter-fm.com\/fr\/services\/fm-commercial\/location-commercialisation\/\" \/>\n<meta property=\"og:locale\" content=\"fr_FR\" \/>\n<meta property=\"og:type\" content=\"article\" \/>\n<meta property=\"og:title\" content=\"Location et commercialisation | SAUTER\" \/>\n<meta property=\"og:description\" content=\"Nous nous occupons de mani\u00e8re professionnelle de la gestion optimale et \u00e0 long terme de votre bien immobilier. Plus d&#039;informations ici!\" \/>\n<meta property=\"og:url\" content=\"https:\/\/www.sauter-fm.com\/fr\/services\/fm-commercial\/location-commercialisation\/\" \/>\n<meta property=\"og:site_name\" content=\"Sauter FM\" \/>\n<meta property=\"article:modified_time\" content=\"2024-06-21T08:16:27+00:00\" \/>\n<meta property=\"og:image\" content=\"https:\/\/www.sauter-fm.com\/wp-content\/uploads\/sites\/32\/2023\/10\/gruen-und-aussenanlagenpflege-300x200.jpg\" \/>\n<meta name=\"twitter:card\" content=\"summary_large_image\" \/>\n<meta name=\"twitter:label1\" content=\"Dur\u00e9e de lecture estim\u00e9e\" \/>\n\t<meta name=\"twitter:data1\" content=\"1 minute\" \/>\n<script type=\"application\/ld+json\" class=\"yoast-schema-graph\">{\"@context\":\"https:\/\/schema.org\",\"@graph\":[{\"@type\":\"WebPage\",\"@id\":\"https:\/\/www.sauter-fm.com\/fr\/services\/fm-commercial\/location-commercialisation\/\",\"url\":\"https:\/\/www.sauter-fm.com\/fr\/services\/fm-commercial\/location-commercialisation\/\",\"name\":\"Location et commercialisation | SAUTER\",\"isPartOf\":{\"@id\":\"https:\/\/www.sauter-fm.com\/#website\"},\"primaryImageOfPage\":{\"@id\":\"https:\/\/www.sauter-fm.com\/fr\/services\/fm-commercial\/location-commercialisation\/#primaryimage\"},\"image\":{\"@id\":\"https:\/\/www.sauter-fm.com\/fr\/services\/fm-commercial\/location-commercialisation\/#primaryimage\"},\"thumbnailUrl\":\"https:\/\/www.sauter-fm.com\/wp-content\/uploads\/sites\/32\/2023\/10\/gruen-und-aussenanlagenpflege-300x200.jpg\",\"datePublished\":\"2023-11-13T12:31:40+00:00\",\"dateModified\":\"2024-06-21T08:16:27+00:00\",\"description\":\"Nous nous occupons de mani\u00e8re professionnelle de la gestion optimale et \u00e0 long terme de votre bien immobilier. Plus d'informations ici!\",\"breadcrumb\":{\"@id\":\"https:\/\/www.sauter-fm.com\/fr\/services\/fm-commercial\/location-commercialisation\/#breadcrumb\"},\"inLanguage\":\"fr-FR\",\"potentialAction\":[{\"@type\":\"ReadAction\",\"target\":[\"https:\/\/www.sauter-fm.com\/fr\/services\/fm-commercial\/location-commercialisation\/\"]}]},{\"@type\":\"ImageObject\",\"inLanguage\":\"fr-FR\",\"@id\":\"https:\/\/www.sauter-fm.com\/fr\/services\/fm-commercial\/location-commercialisation\/#primaryimage\",\"url\":\"https:\/\/www.sauter-fm.com\/wp-content\/uploads\/sites\/32\/2023\/10\/gruen-und-aussenanlagenpflege-300x200.jpg\",\"contentUrl\":\"https:\/\/www.sauter-fm.com\/wp-content\/uploads\/sites\/32\/2023\/10\/gruen-und-aussenanlagenpflege-300x200.jpg\"},{\"@type\":\"BreadcrumbList\",\"@id\":\"https:\/\/www.sauter-fm.com\/fr\/services\/fm-commercial\/location-commercialisation\/#breadcrumb\",\"itemListElement\":[{\"@type\":\"ListItem\",\"position\":1,\"name\":\"Home\",\"item\":\"https:\/\/www.sauter-fm.com\/fr\/\"},{\"@type\":\"ListItem\",\"position\":2,\"name\":\"Services\",\"item\":\"https:\/\/www.sauter-fm.com\/fr\/services\/\"},{\"@type\":\"ListItem\",\"position\":3,\"name\":\"FM commercial\",\"item\":\"https:\/\/www.sauter-fm.com\/fr\/services\/fm-commercial\/\"},{\"@type\":\"ListItem\",\"position\":4,\"name\":\"Location et commercialisation\"}]},{\"@type\":\"WebSite\",\"@id\":\"https:\/\/www.sauter-fm.com\/#website\",\"url\":\"https:\/\/www.sauter-fm.com\/\",\"name\":\"Sauter FM\",\"description\":\"SAUTER Facility Management\",\"potentialAction\":[{\"@type\":\"SearchAction\",\"target\":{\"@type\":\"EntryPoint\",\"urlTemplate\":\"https:\/\/www.sauter-fm.com\/?s={search_term_string}\"},\"query-input\":{\"@type\":\"PropertyValueSpecification\",\"valueRequired\":true,\"valueName\":\"search_term_string\"}}],\"inLanguage\":\"fr-FR\"}]}<\/script>\n<!-- \/ Yoast SEO plugin. -->","yoast_head_json":{"title":"Location et commercialisation | SAUTER","description":"Nous nous occupons de mani\u00e8re professionnelle de la gestion optimale et \u00e0 long terme de votre bien immobilier. Plus d'informations ici!","robots":{"index":"index","follow":"follow","max-snippet":"max-snippet:-1","max-image-preview":"max-image-preview:large","max-video-preview":"max-video-preview:-1"},"canonical":"https:\/\/www.sauter-fm.com\/fr\/services\/fm-commercial\/location-commercialisation\/","og_locale":"fr_FR","og_type":"article","og_title":"Location et commercialisation | SAUTER","og_description":"Nous nous occupons de mani\u00e8re professionnelle de la gestion optimale et \u00e0 long terme de votre bien immobilier. Plus d'informations ici!","og_url":"https:\/\/www.sauter-fm.com\/fr\/services\/fm-commercial\/location-commercialisation\/","og_site_name":"Sauter FM","article_modified_time":"2024-06-21T08:16:27+00:00","og_image":[{"url":"https:\/\/www.sauter-fm.com\/wp-content\/uploads\/sites\/32\/2023\/10\/gruen-und-aussenanlagenpflege-300x200.jpg","type":"","width":"","height":""}],"twitter_card":"summary_large_image","twitter_misc":{"Dur\u00e9e de lecture estim\u00e9e":"1 minute"},"schema":{"@context":"https:\/\/schema.org","@graph":[{"@type":"WebPage","@id":"https:\/\/www.sauter-fm.com\/fr\/services\/fm-commercial\/location-commercialisation\/","url":"https:\/\/www.sauter-fm.com\/fr\/services\/fm-commercial\/location-commercialisation\/","name":"Location et commercialisation | SAUTER","isPartOf":{"@id":"https:\/\/www.sauter-fm.com\/#website"},"primaryImageOfPage":{"@id":"https:\/\/www.sauter-fm.com\/fr\/services\/fm-commercial\/location-commercialisation\/#primaryimage"},"image":{"@id":"https:\/\/www.sauter-fm.com\/fr\/services\/fm-commercial\/location-commercialisation\/#primaryimage"},"thumbnailUrl":"https:\/\/www.sauter-fm.com\/wp-content\/uploads\/sites\/32\/2023\/10\/gruen-und-aussenanlagenpflege-300x200.jpg","datePublished":"2023-11-13T12:31:40+00:00","dateModified":"2024-06-21T08:16:27+00:00","description":"Nous nous occupons de mani\u00e8re professionnelle de la gestion optimale et \u00e0 long terme de votre bien immobilier. Plus d'informations ici!","breadcrumb":{"@id":"https:\/\/www.sauter-fm.com\/fr\/services\/fm-commercial\/location-commercialisation\/#breadcrumb"},"inLanguage":"fr-FR","potentialAction":[{"@type":"ReadAction","target":["https:\/\/www.sauter-fm.com\/fr\/services\/fm-commercial\/location-commercialisation\/"]}]},{"@type":"ImageObject","inLanguage":"fr-FR","@id":"https:\/\/www.sauter-fm.com\/fr\/services\/fm-commercial\/location-commercialisation\/#primaryimage","url":"https:\/\/www.sauter-fm.com\/wp-content\/uploads\/sites\/32\/2023\/10\/gruen-und-aussenanlagenpflege-300x200.jpg","contentUrl":"https:\/\/www.sauter-fm.com\/wp-content\/uploads\/sites\/32\/2023\/10\/gruen-und-aussenanlagenpflege-300x200.jpg"},{"@type":"BreadcrumbList","@id":"https:\/\/www.sauter-fm.com\/fr\/services\/fm-commercial\/location-commercialisation\/#breadcrumb","itemListElement":[{"@type":"ListItem","position":1,"name":"Home","item":"https:\/\/www.sauter-fm.com\/fr\/"},{"@type":"ListItem","position":2,"name":"Services","item":"https:\/\/www.sauter-fm.com\/fr\/services\/"},{"@type":"ListItem","position":3,"name":"FM commercial","item":"https:\/\/www.sauter-fm.com\/fr\/services\/fm-commercial\/"},{"@type":"ListItem","position":4,"name":"Location et commercialisation"}]},{"@type":"WebSite","@id":"https:\/\/www.sauter-fm.com\/#website","url":"https:\/\/www.sauter-fm.com\/","name":"Sauter FM","description":"SAUTER Facility Management","potentialAction":[{"@type":"SearchAction","target":{"@type":"EntryPoint","urlTemplate":"https:\/\/www.sauter-fm.com\/?s={search_term_string}"},"query-input":{"@type":"PropertyValueSpecification","valueRequired":true,"valueName":"search_term_string"}}],"inLanguage":"fr-FR"}]}},"publishpress_future_action":{"enabled":false,"date":"2026-05-07 05:19:55","action":"change-status","newStatus":"draft","terms":[],"taxonomy":"translation_priority","extraData":[]},"publishpress_future_workflow_manual_trigger":{"enabledWorkflows":[]},"_links":{"self":[{"href":"https:\/\/www.sauter-fm.com\/fr\/wp-json\/wp\/v2\/pages\/6902","targetHints":{"allow":["GET"]}}],"collection":[{"href":"https:\/\/www.sauter-fm.com\/fr\/wp-json\/wp\/v2\/pages"}],"about":[{"href":"https:\/\/www.sauter-fm.com\/fr\/wp-json\/wp\/v2\/types\/page"}],"author":[{"embeddable":true,"href":"https:\/\/www.sauter-fm.com\/fr\/wp-json\/wp\/v2\/users\/2696"}],"replies":[{"embeddable":true,"href":"https:\/\/www.sauter-fm.com\/fr\/wp-json\/wp\/v2\/comments?post=6902"}],"version-history":[{"count":1,"href":"https:\/\/www.sauter-fm.com\/fr\/wp-json\/wp\/v2\/pages\/6902\/revisions"}],"predecessor-version":[{"id":7210,"href":"https:\/\/www.sauter-fm.com\/fr\/wp-json\/wp\/v2\/pages\/6902\/revisions\/7210"}],"up":[{"embeddable":true,"href":"https:\/\/www.sauter-fm.com\/fr\/wp-json\/wp\/v2\/pages\/3390"}],"wp:attachment":[{"href":"https:\/\/www.sauter-fm.com\/fr\/wp-json\/wp\/v2\/media?parent=6902"}],"curies":[{"name":"wp","href":"https:\/\/api.w.org\/{rel}","templated":true}]}}

<p><img decoding="async" class="wp-image-6872 size-medium alignleft" src="https://www.sauter-fm.com/wp-content/uploads/sites/32/2023/10/gruen-und-aussenanlagenpflege-300x200.jpg" alt="Leistungen Grün- und Außenanlagenpflege" width="300" height="200" srcset="https://www.sauter-fm.com/wp-content/uploads/sites/32/2023/10/gruen-und-aussenanlagenpflege-300x200.jpg 300w, https://www.sauter-fm.com/wp-content/uploads/sites/32/2023/10/gruen-und-aussenanlagenpflege-225x150.jpg 225w, https://www.sauter-fm.com/wp-content/uploads/sites/32/2023/10/gruen-und-aussenanlagenpflege.jpg 375w" sizes="(max-width: 300px) 100vw, 300px" /></p>
<p>Nous nous occupons de manière professionnelle de la gestion optimale et à long terme de votre bien immobilier. Cela comprend également la gestion des locations incluant la commercialisation assistée afin que vous puissiez exploiter le potentiel de rentabilité.</p>
<p>&nbsp;</p>
<ul style="clear: both">
<li>Location d’espaces vacants</li>
<li>Activités de médiation</li>
<li>Aide à la commercialisation</li>
<li>Organisation de visites</li>
<li>Rédaction des projets de contrats de location</li>
</ul>

<p>Nous nous occupons de manière professionnelle de la gestion optimale et à long terme de votre bien immobilier. Cela comprend également la gestion des locations incluant la commercialisation assistée afin que vous puissiez exploiter le potentiel de rentabilité. &nbsp; Location d’espaces vacants Activités de médiation Aide à la commercialisation Organisation de visites Rédaction des projets [&hellip;]</p>

<!-- This site is optimized with the Yoast SEO plugin v26.1.1 - https://yoast.com/wordpress/plugins/seo/ -->
<title>Location et commercialisation | SAUTER</title>
<meta name="description" content="Nous nous occupons de manière professionnelle de la gestion optimale et à long terme de votre bien immobilier. Plus d&#039;informations ici!" />
<meta name="robots" content="index, follow, max-snippet:-1, max-image-preview:large, max-video-preview:-1" />
<link rel="canonical" href="https://www.sauter-fm.com/fr/services/fm-commercial/location-commercialisation/" />
<meta property="og:locale" content="fr_FR" />
<meta property="og:type" content="article" />
<meta property="og:title" content="Location et commercialisation | SAUTER" />
<meta property="og:description" content="Nous nous occupons de manière professionnelle de la gestion optimale et à long terme de votre bien immobilier. Plus d&#039;informations ici!" />
<meta property="og:url" content="https://www.sauter-fm.com/fr/services/fm-commercial/location-commercialisation/" />
<meta property="og:site_name" content="Sauter FM" />
<meta property="article:modified_time" content="2024-06-21T08:16:27+00:00" />
<meta property="og:image" content="https://www.sauter-fm.com/wp-content/uploads/sites/32/2023/10/gruen-und-aussenanlagenpflege-300x200.jpg" />
<meta name="twitter:card" content="summary_large_image" />
<meta name="twitter:label1" content="Durée de lecture estimée" />
	<meta name="twitter:data1" content="1 minute" />
<script type="application/ld+json" class="yoast-schema-graph">{"@context":"https://schema.org","@graph":[{"@type":"WebPage","@id":"https://www.sauter-fm.com/fr/services/fm-commercial/location-commercialisation/","url":"https://www.sauter-fm.com/fr/services/fm-commercial/location-commercialisation/","name":"Location et commercialisation | SAUTER","isPartOf":{"@id":"https://www.sauter-fm.com/#website"},"primaryImageOfPage":{"@id":"https://www.sauter-fm.com/fr/services/fm-commercial/location-commercialisation/#primaryimage"},"image":{"@id":"https://www.sauter-fm.com/fr/services/fm-commercial/location-commercialisation/#primaryimage"},"thumbnailUrl":"https://www.sauter-fm.com/wp-content/uploads/sites/32/2023/10/gruen-und-aussenanlagenpflege-300x200.jpg","datePublished":"2023-11-13T12:31:40+00:00","dateModified":"2024-06-21T08:16:27+00:00","description":"Nous nous occupons de manière professionnelle de la gestion optimale et à long terme de votre bien immobilier. Plus d'informations ici!","breadcrumb":{"@id":"https://www.sauter-fm.com/fr/services/fm-commercial/location-commercialisation/#breadcrumb"},"inLanguage":"fr-FR","potentialAction":[{"@type":"ReadAction","target":["https://www.sauter-fm.com/fr/services/fm-commercial/location-commercialisation/"]}]},{"@type":"ImageObject","inLanguage":"fr-FR","@id":"https://www.sauter-fm.com/fr/services/fm-commercial/location-commercialisation/#primaryimage","url":"https://www.sauter-fm.com/wp-content/uploads/sites/32/2023/10/gruen-und-aussenanlagenpflege-300x200.jpg","contentUrl":"https://www.sauter-fm.com/wp-content/uploads/sites/32/2023/10/gruen-und-aussenanlagenpflege-300x200.jpg"},{"@type":"BreadcrumbList","@id":"https://www.sauter-fm.com/fr/services/fm-commercial/location-commercialisation/#breadcrumb","itemListElement":[{"@type":"ListItem","position":1,"name":"Home","item":"https://www.sauter-fm.com/fr/"},{"@type":"ListItem","position":2,"name":"Services","item":"https://www.sauter-fm.com/fr/services/"},{"@type":"ListItem","position":3,"name":"FM commercial","item":"https://www.sauter-fm.com/fr/services/fm-commercial/"},{"@type":"ListItem","position":4,"name":"Location et commercialisation"}]},{"@type":"WebSite","@id":"https://www.sauter-fm.com/#website","url":"https://www.sauter-fm.com/","name":"Sauter FM","description":"SAUTER Facility Management","potentialAction":[{"@type":"SearchAction","target":{"@type":"EntryPoint","urlTemplate":"https://www.sauter-fm.com/?s={search_term_string}"},"query-input":{"@type":"PropertyValueSpecification","valueRequired":true,"valueName":"search_term_string"}}],"inLanguage":"fr-FR"}]}</script>
<!-- / Yoast SEO plugin. -->

Nous nous occupons de manière professionnelle de la gestion optimale et à long terme de votre bien immobilier. Plus d'informations ici!
